-22).
4
Let n(u) = 1559*u + 3879. Determine n(-2).
761
Let j(y) = 26*y**2 - 20*y - 2. What is j(11)?
2924
Let m(z) = z**3 - 22*z**2 - 451*z - 20. What is m(-10)?
1290
Let o(h) = -19*h**2 - 75175*h - 824630. What is o(-11)?
-4
Let k(n) = 264*n**3 + 2*n**2 - 268*n - 544. Calculate k(-2).
-2112
Let m(d) = -96*d**2 + 2259*d + 9038. Give m(-4).
-1534
Let p(t) = 1951*t - 193239. Determine p(99).
-90
Let s(x) = -454779*x - 2273920. What is s(-5)?
-25
Let y(g) = -g**3 + 41*g**2 - 25*g + 44. What is y(41)?
-981
Let r(z) = -z**3 + 53*z**2 + 673*z - 11252. Give r(61).
33
Let y(o) = o**3 + o**2 + o - 195. What is y(9)?
624
Let w(a) = 19*a**2 + 2577*a + 6665. Give w(-133).
15
Let d(s) = 10814512*s + 10814505. Calculate d(-1).
-7
Let m(s) = 1891*s + 3952179. What is m(-2090)?
-11
Let h(j) = -j**2 + 25*j + 1435. Give h(45).
535
Let j(u) = 186*u - 3037. What is j(16)?
-61
Let j(m) = 1268*m + 29798. Give j(-24).
-634
Let u(p) = -p**3 - 15*p**2 + 685*p - 22297. Determine u(-43).
20
Let k(b) = 1650*b + 88467. What is k(-53)?
1017
Let u(i) = -35*i + 4675. Determine u(84).
1735
Let h(y) = 2*y**3 + 111*y**2 + 1223*y - 3117. Calculate h(-19).
-1
Let h(y) = -25*y**2 + 70*y + 1327. Give h(-10).
-1873
Let z(c) = -18060*c + 1083607. Determine z(60).
7
Let f(x) = -7*x**2 - 1751*x - 3748. Give f(-248).
-28
Let l(h) = 11*h**2 + 127*h + 363. What is l(-6)?
-3
Let r(s) = 90*s**3 + 6*s**2 + 5*s - 12. Determine r(1).
89
Let b(v) = -7710*v - 8515. Give b(-1).
-805
Let y(r) = 19*r**2 - 377*r + 2332. Give y(6).
754
Let f(c) = -14*c**3 - 18*c**2 - 9*c + 84. Determine f(-4).
728
Let p(j) = 9530*j - 657398. What is p(69)?
172
Let h(o) = -4*o**2 - 113*o + 981. What is h(8)?
-179
Let v(h) = 2*h**2 - 11*h - 316. What is v(-9)?
-55
Let b(m) = -2*m**2 + 377*m - 2373. Determine b(6).
-183
Let c(t) = 270*t**2 + 1287*t + 893. Give c(-4).
65
Let o(x) = -1003*x - 107319. Determine o(-107).
2
Let s(o) = 3084*o - 67857. What is s(22)?
-9
Let s(l) = -458*l - 5365. Determine s(-12).
131
Let q(p) = -p**2 + 63*p + 10183. What is q(136)?
255
Let g(x) = -22*x**2 - 1691*x - 3073. What is g(-75)?
2
Let d(l) = -2*l**3 + 120*l**2 - 1407*l + 853. Give d(15).
-2
Let o(c) = 42*c**2 + 23938*c - 1152. Give o(-570).
-12
Let h(r) = 72*r + 267. Determine h(-29).
-1821
Let j(h) = -3*h**2 - 182*h - 2712. Determine j(-23).
-113
Let c(h) = -4*h**2 + 3706*h - 61905. What is c(17)?
-59
Let r(u) = -3398*u - 37858. What is r(-11)?
-480
Let o(p) = 24*p**2 - 1786*p + 13360. Give o(66).
28
Let d(y) = 39*y**2 + 2030*y + 162. Give d(-52).
58
Let l(a) = -1979*a**2 + 12893*a - 39. Calculate l(6).
6075
Let c(w) = -18*w + 228. What is c(13)?
-6
Let s(n) = 41*n**3 + 3*n**2 + n - 22. Determine s(2).
320
Let w(f) = 6*f**3 - 20*f**2 + 106*f - 324. What is w(4)?
164
Let z(o) = 60856*o - 60874. Calculate z(1).
-18
Let p(d) = -d**3 + 62*d**2 - 6*d - 300. Determine p(62).
-672
Let z(q) = -66*q**2 - 699*q - 20. Determine z(-11).
-317
Let k(v) = 52*v + 4621. Give k(-87).
97
Let a(w) = 103515*w + 10351504. Determine a(-100).
4
Let y(a) = -2926*a - 307300. What is y(-105)?
-70
Let m(y) = -y**3 - 104*y**2 + 3208*y + 182. Calculate m(-129).
2375
Let g(d) = d**3 - 7*d**2 + 171*d - 1548. Calculate g(10).
462
Let h(s) = 3*s**3 - 179*s**2 - 1046*s + 342. What is h(65)?
-48
Let f(o) = -4*o**2 + 120*o - 837. Give f(31).
-961
Let j(d) = -9*d**3 - 4596*d**2 + 1543*d + 4809. What is j(-511)?
-301
Let w(x) = -752*x - 5303. What is w(-6)?
-791
Let n(u) = 48*u**2 - 4878*u + 27525. Determine n(6).
-15
Let q(w) = -89*w**2 + 1393*w + 3852. Determine q(18).
90
Let y(s) = 6931*s - 575272. Give y(83).
1
Let i(k) = 2*k**3 + 76*k**2 + 658*k - 225. Determine i(-15).
255
Let x(y) = 7*y**3 + 205*y**2 + 88*y + 534. Give x(-29).
-336
Let t(m) = 1486*m + 5816. Determine t(-3).
1358
Let k(z) = z**3 + 151*z**2 + 1146*z + 997. Calculate k(-143).
711
Let q(h) = 1389*h + 6792. Calculate q(-7).
-2931
Let k(t) = 2*t**3 + 123*t**2 + 1325*t - 110. What is k(-14)?
-40
Let c(a) = 8663*a + 1368740. Give c(-158).
-14
Let i(g) = -g**3 + 16*g**2 + 67*g + 196. Determine i(19).
386
Let t(k) = -188*k - 1684. Give t(-10).
196
Let f(d) = 1732*d - 290. Calculate f(1).
1442
Let s(k) = -44296*k + 177177. Give s(4).
-7
Let j(h) = 611*h + 5473. Determine j(-9).
-26
Let j(n) = 1845*n + 641533. Determine j(-348).
-527
Let x(r) = -111*r**2 + 6874*r + 7421. Calculate x(63).
-76
Let a(w) = 92041*w + 183940. Give a(-2).
-142
Let l(p) = p**3 + 229*p**2 + 8717*p + 1405. Calculate l(-48).
13
Let y(x) = -10221*x + 92005. Give y(9).
16
Let r(u) = u**2 - 966*u - 9542. Calculate r(-10).
218
Let f(n) = -n**3 + 64*n**2 - 1041*n + 3969. Calculate f(41).
-49
Let h(d) = -214736*d - 1503071. Give h(-7).
81
Let s(f) = 6135*f**3 + 110430*f**2 + 5*f + 81. Determine s(-18).
-9
Let t(p) = 2*p**3 - 12*p**2 - 271*p + 451. Determine t(18).
3349
Let w(k) = -k**3 - 34*k**2 - 1159*k - 39067. What is w(-34)?
339
Let x(r) = 7*r**3 + 161*r**2 - 64*r - 995. Give x(-23).
477
Let i(a) = -a**2 - 111*a - 518. Calculate i(-25).
1632
Let p(v) = -4*v**2 + 82*v + 60. Determine p(27).
-642
Let q(o) = -2174*o + 997886. Determine q(459).
20
Let f(s) = -97*s**2 + 4060*s + 16286. Determine f(-4).
-1506
Let y(l) = -l**3 - 45*l**2 + 195*l + 5177. Give y(-47).
430
Let c(f) = -4736*f - 847742. Calculate c(-179).
2
Let y(p) = p**3 - 26*p**2 - 514*p - 71. Give y(-13).
20
Let k(i) = 5682*i + 113729. Give k(-20).
89
Let a(s) = s**3 + 21*s**2 + 33*s + 1123. What is a(-22)?
-87
Let w(u) = 71*u + 3394. What is w(-40)?
554
Let q(d) = -230*d - 81154. Determine q(-353).
36
Let s(g) = -77*g + 3942. Calculate s(54).
-216
Let f(d) = -d**3 + 24*d**2 + 324*d + 118. What is f(35)?
-2017
Let n(a) = -91276*a - 1095264. Calculate n(-12).
48
Let w(f) = -2*f**2 + 330*f - 12173. Calculate w(81).
1435
Let f(j) = -27*j**3 - 144*j**2 - 48*j - 42. Determine f(-5).
-27
Let k(a) = -8*a**3 - 38*a**2 + 87*a - 24. What is k(2)?
-66
Let i(l) = 5*l**2 - 1073*l - 39543. Give i(-32).
-87
Let f(u) = -48*u**2 - 37*u + 126. What is f(3)?
-417
Let a(k) = -k**2 - 232*k + 1861. What is a(-240)?
-59
Let a(w) = w**3 + 438*w**2 + 1325*w + 8712. Determine a(-435).
12
Let y(a) = 11*a**3 + 5*a**2 - 6*a + 58. What is y(4)?
818
Let n(g) = 15906*g + 922559. Calculate n(-58).
11
Let n(l) = 15*l**2 - 4864*l - 3582. What is n(325)?
-7
Let u(t) = 9922*t + 257929. What is u(-26)?
-43
Let o(u) = -3*u**3 + 99*u**2 - 17*u - 296. Determine o(33).
-857
Let j(w) = -102*w**2 + 168*w + 7. Determine j(-2).
-737
Let u(v) = -2*v**2 + 108*v + 497. Give u(59).
-93
Let j(i) = i**2 + 181*i + 5451. Give j(-39).
-87
Let m(b) = -b**3 + 85*b**2 - 1134*b - 1346. Determine m(68).
150
Let h(z) = 2*z**3 - 59*z**2 - 169*z + 116. Determine h(32).
-172
Let m(u) = 923*u + 103634. Determine m(-112).
258
Let n(o) = o**3 - 95*o**2 - 2168*o + 244. Calculate n(114).
16
Let i(d) = -d**3 + 48*d**2 - 448*d - 133. What is i(13)?
-42
Let h(s) = 387865*s - 3878645. What is h(10)?
5
Let g(j) = -9559*j - 8889878. Determine g(-930).
-8
Let b(m) = -10230*m - 419462. Give b(-41).
-32
Let r(k) = -k**3 - 62*k**2 - 4*k - 446. Give r(-62).
-198
Let s(o) = -16*o**2 + 164*o + 186. Give s(13).
-386
Let g(p) = -p**3 - 22*p**2 + 6174*p + 157822. Calculate g(-26).
2
Let s(d) = d**2 - 556523*d - 2782625. Calculate s(-5).
15
Let l(w) = 772*w - 25497. Give l(32).
-793
Let n(t) = -9*t**2 - 164*t + 96382. Give n(-113).
-7
Let l(m) = 5084*m - 360929. What is l(71)?
35
Let t(l) = 2*l**2 + 2885*l + 539918. What is t(-221)?
15
Let c(o) = o**3 - 140*o**2 - 427*o - 343. Determine c(143).
-57
Let v(d) = -10*d**2 - 174*d - 595. Calculate v(-13).
-23
Let k(v) = -v**3 + 64*v**2 - 761*v + 893. Determine k(14).
39
Let f(i) = i**3 - 8*i**2 - 1468*i + 7466. What is f(5)?
51
Let v(c) = -65584*c - 65586. Calculate v(-1).
-2
Let d(m) = m**3 + 422*m**2 + 28635*m - 857. Determine d(-85).
-7
Let u(m) = -5*m**3 - 131*m**2 - 78*m - 1158. What is u(-26)?
194
Let j(l) = -70*l**2 + 5*l + 39. What is j(-1)?
-36
Let h(w) = 377*w**2 - 2312*w + 285. Determine h(6).
-15
Let i(c) = -7*c**2 - 63420*c + 126846. Determine i(2).
-22
Let h(i) = -2*i**2 - 763*i - 12636. Determine h(-17).
-243
Let g(s) = -256*s**3 + 8*s**2 + 68*s + 68. Determine g(-1).
264
Let l(x) = -47*x + 4475. What is l(94)?
57
Let j(h) = 2578224*h + 7734678. What is j(-3)?
6
Let h(o) = 1168*o - 256962. Calculate h